d composite?
True
Let z(f) = f**3 - 4*f + 5. Let s be z(2). Suppose -s*x - 866 = -10101. Is x a prime number?
True
Let j(k) = 176*k + 8. Let a be j(5). Let m be ((-440)/(-12))/((-4)/(-54)). Let d = a - m. Is d a composite number?
True
Suppose 27 = 5*c - 18. Let w be 4/6 - (-2865)/(-45). Is (-10031)/w - 2/c a composite number?
True
Suppose 40*o = 35*o - 5*c + 14820, -c = -5. Is o composite?
True
Suppose 8 = 2*c, -5*k + 17 = -2*c + 5*c. Is (14/(-42))/(k/(-3345)) a composite number?
True
Let r = -8399 + 18048. Is r a composite number?
False
Let y be ((-32)/18)/(-8) - (-57586)/(-18). Is y*((8 - 4) + -5) a prime number?
False
Suppose 23*w - 12520 - 3189 = 0. Is w a prime number?
True
Let g(n) = -132*n + 11 - 4 - 2 - 10. Let d = -7 + 4. Is g(d) prime?
False
Let x(t) be the first derivative of 19*t**3 + 9*t**2/2 - 17*t + 34. Is x(7) composite?
True
Let c(y) = -y**3 + 3*y**2 - 7*y + 11. Let v be c(-9). Let w be (6543/(-2))/(-9)*-2. Let x = w + v. Is x a composite number?
True
Is (7 - -81)/11 - -1109 prime?
True
Let g = -202 - -1545. Is g a composite number?
True
Let q be (-4)/(-3)*3/2. Suppose -4*h = 2*a, h - 3*h = q*a - 2. Let f = 5 + h. Is f composite?
True
Is 48/(-88) + (-313517)/(-11) prime?
False
Let p(j) = -350*j + 1. Is p(-2) a composite number?
False
Suppose -3*r + 281864 = 77423. Is r a prime number?
True
Let a(b) = -b**3 + 7*b**2 + 7*b + 4. Let m(t) = -t**2 + 4*t - 1. Let k be m(4). Let u = k - 4. Is a(u) a prime number?
True
Let m(u) = u**3 - 12*u**2 + 8*u + 1. Let v = 44 - 32. Is m(v) composite?
False
Suppose 5*c + 8 = -w, -2*w - 5*c = 9 - 3. Suppose 5 = 4*r + 17, -236 = -w*o - 4*r. Suppose -5181 = -5*y + o. Is y a composite number?
False
Let l(d) = 455*d - 16. Is l(10) a composite number?
True
Let o be 95/(-2)*10/(-5). Is o + (4 - 4) + 0 a prime number?
False
Let v = 895 + 4860. Is v prime?
False
Is (7096/12)/((-10)/(-15)) prime?
True
Let c = 25366 - 16517. Is c composite?
False
Suppose w - 6459 = -2*k, -2*k - 32230 = -5*w + k. Is w a prime number?
True
Suppose -6*b - 11754 + 51468 = 0. Is b a composite number?
False
Let f = 2808 + -1220. Suppose -b - 4 = 0, -4*n - 4*b - f = -2*n. Is n/(-4)*(-6)/(-9) composite?
False
Suppose -182099 = -16*c + 3869. Is c composite?
True
Let i(c) = 26*c**2 - 3*c - 5. Let j be i(-4). Let z = -193 + j. Let u = z - 136. Is u a composite number?
True
Let u(i) = -3*i + 74. Let k be u(24). Suppose k*v - 7645 = -5*s, -3*s + v - 2*v + 4588 = 0. Is s composite?
False
Let c(l) = -5*l**3 + 11 + 13*l**3 - 4*l**3 + 3*l - 2*l**3. Is c(7) a prime number?
False
Suppose 0*w - 4*w - 4*g + 37768 = 0, w - 2*g - 9451 = 0. Let z = w + -6618. Is z prime?
False
Is (-23 - (-74043)/(-38))/(2/(-4)) prime?
True
Suppose a - 12 + 9 = 0. Suppose -h = -4*b + 1270, 4*b + 4*h = a*h + 1266. Is b a composite number?
False
Let t = 2618 + -1425. Is t a prime number?
True
Let c(f) = 2*f**3. Let w be c(1). Suppose 33*j + 3069 = 7755. Suppose 2*h + 3*m - 100 = 0, 0 = w*h + m - j + 38. Is h composite?
False
Suppose -930 = -8*t + 1206. Is t composite?
True
Let w(j) be the second derivative of 3*j**4/4 - 2*j**3/3 - 3*j**2 + j - 22. Is w(-3) a prime number?
False
Suppose -3*u + 0*u = 6. Let q be u/(-3) - 928/(-12). Let w = q - -215. Is w a prime number?
True
Let f(u) = -4*u**2 + 4 - 2*u - u**2 - 2*u**3 - 6 - 3*u. Let q be f(-4). Is q + 1 - (3 - 1) a prime number?
False
Suppose 0 = -j - b + 144 - 29, -5*j - 2*b + 569 = 0. Suppose -f = -9 + j. Is f/(-10) - 12/30 a prime number?
False
Suppose 4*c - 19*c + 16665 = 0. Is c a prime number?
False
Let d be ((-12)/15)/((-2)/5). Let y(c) = d - 47*c - 13*c - 1. Is y(-5) composite?
True
Let h(k) = -210*k + 157. Is h(-29) a composite number?
False
Suppose -83 = -6*c - 23. Let b(w) = -2*w**2 + 8*w - 7. Let h(t) = 5*t**2 - 23*t + 22. Let r(q) = -7*b(q) - 2*h(q). Is r(c) composite?
True
Let u be -1 - 850/(-4) - 2/4. Suppose s - u + 78 = 0. Is s a composite number?
True
Suppose -3*h - 4437 = -3*y, -7*y + 4*y - 3*h + 4425 = 0. Is y a prime number?
False
Suppose 9*a = 842 + 751. Is a a composite number?
True
Suppose -3*w + 278 + 118 = 0. Suppose 3*g + w = c, -88 = -c + g + 50. Is c a prime number?
False
Let t(v) = 7*v + 270. Let j be t(-38). Let o(z) = -z - 5 + 0*z - 4*z**2 - z**3 + 7*z**3. Is o(j) a prime number?
True
Let p(t) = 673*t - 58. Is p(3) prime?
False
Suppose -36 = w + 5*o, 0 = 3*w - 4*o + 104 - 34. Let g = w - -59. Is g prime?
False
Let a = -3568 - -9053. Is a a prime number?
False
Suppose -2*r + 6 = 0, 42 = -q + 4*q + 2*r. Suppose -8*x - 2200 = -q*x. Suppose 115 = -5*p + x. Is p prime?
False
Suppose -1714*z = -1723*z + 8631. Is z a prime number?
False
Suppose -24200 = 13*w - 3*w. Let s = w - -5283. Is s a composite number?
True
Let v(d) = d**2 - d - 15. Suppose 0 = -5*j + c - 85, 0 = -3*j - 5*c - 12 - 11. Is v(j) prime?
True
Suppose -2*c + 5 = y - 2*y, 9 = 3*c - y. Suppose 3*w - 5*w = c. Is (-7 - -5)*19/w composite?
False
Is 20/(-130) + 1739208/104 composite?
True
Is (-13607 + 1)*(-5 + (-9)/(-2)) a composite number?
False
Let y(q) = -29 - 764*q + 22 - 10. Is y(-2) a prime number?
True
Suppose -93*q + 77*q + 278368 = 0. Is q composite?
True
Let d be 1 + 1 - (5 + -9). Is (-19642)/(-23) - d/2 a prime number?
False
Let c(r) = 943*r - 113. Is c(6) composite?
True
Let t(g) = -3*g - 1. Let d be t(-1). Suppose d*y - 3 = 3*o, -3 = 4*o - 2*y + 3. Is 1*o + -1 + 195 a prime number?
True
Let u(g) = -g**3 + 8*g**2 - 7*g + 3. Suppose 0 = -s + 2*i - 22, -3*s - 56 = -i. Let o = 11 + s. Is u(o) a composite number?
False
Let c(q) be the third derivative of q**5/60 - q**4/12 + 3*q**3 - 2*q**2. Is c(15) prime?
False
Let p(h) = 353*h + 15. Let k(m) = 355*m + 15. Let w(j) = 5*k(j) - 6*p(j). Is w(-8) prime?
True
Suppose 4*i + 19631 = 3*g, -5*g + 5*i + 12256 = -20459. Is g composite?
True
Suppose 2*k - 1197 + 6 = -l, 3*l - 1794 = -3*k. Is k composite?
False
Suppose 4*k = 3*k + 919. Suppose -v = 4*h - k, -2*v - 3*v = -3*h - 4526. Is v prime?
True
Suppose 0 = 7*y - 4 + 4. Suppose -3*n = -n + 2*l - 2508, y = 5*n - 2*l - 6305. Is n prime?
True
Let a be (17 - -5 - 2)/((-1)/(-1)). Suppose -15*s - 1115 = -a*s. Is s prime?
True
Suppose 18000 = 4*h - 14612. Is h a prime number?
False
Suppose k - 3*o - 1062 = 149, 4*k = -o + 4844. Is k composite?
True
Suppose 798 + 34 = -8*n. Is (-12114)/(-7) + (-7 - n/14) a prime number?
False
Let p(t) = -106 + 9*t + 59 + 12*t**2 + 51. Is p(-6) prime?
False
Suppose -1 - 9 = 5*f. Let o = 3 - f. Suppose y + o*n - 304 = -y, -3*y = -n - 473. Is y prime?
True
Let s(i) be the second derivative of 2*i**4/3 - i**3 + 7*i**2 + 37*i. Is s(4) a composite number?
True
Let w(z) = -31*z**3 + 4*z**2 + 11*z + 21. Is w(-5) a composite number?
True
Suppose -4*n + 636 = -0*n. Suppose -w + 2*m + 36 = 0, 4*w - 109 = m - 0*m. Let t = w + n. Is t a composite number?
True
Let v be -4 + 2 + -1 - 2655. Let n = v + 4435. Is n a composite number?
False
Let n(f) = -f**3 - 9*f**2 - 2*f - 18. Let p be n(-9). Suppose 3*z + 1039 - 3400 = p. Is z a prime number?
True
Suppose 11819 = 19*o - 25592. Is o prime?
False
Let t(z) = 311*z - 13. Let u be t(6). Let f = u + -780. Is f a composite number?
True
Suppose -171134 - 35216 = -25*n. Is n prime?
False
Let b(n) = -906*n + 11. Let o be b(-5). Suppose 3*a + a = -8, 2*a = g - o. Is g composite?
True
Let n = 1044 - 619. Suppose 0*q + n = 5*d + 4*q, 4*d - 340 = -4*q. Is d a composite number?
True
Let n be -5 - (-7 - 2)/3. Is ((-1 - -71)/n)/(-1) prime?
False
Suppose -2*q - 21 = -9. Let l(b) = b**2 + 7*b + 8. Let t be l(q). Suppose -5*f + 429 = -r + 5*r, -t*f + 162 = 4*r. Is f a prime number?
True
Suppose 0 = 3*l - 27*s + 23*s - 136935, -5*l - 5*s = -228260. Is l a prime number?
False
Let r(y) = 18*y + 13. Let l(h) = h**2 + 3*h + 5. Suppose -11 = 2*o - 5. Let j be l(o). Is r(j) a composite number?
False
Suppose -44*j + 122*j - 470418 = 0. Is j composite?
True
Let y(p) = -4*p**3 - 4*p**2 - 3*p + 9. Let r = 36 - 29. Let g be y(r). Is g/(-12) - (-6)/(-9) a prime number?
True
Is (-1 - -7 - (75 + -71)) + 17517 prime?
True
Suppose -2*i + 4*p - p + 13022 = 0, -3*p - 19527 = -3*i. Is i composite?
True
Suppose 2*p - 2*g = 50786, g = -146*p + 151*p - 126957. Is p a prime number?
True
Let z be (-10720)/(-50) + (-3)/((-30)/(-4)). Let i = 545 - z. Is i composite?
False
Let j(z) = 23*z**3 + 2*z**2 - 2*z. Let a 